{"id":339,"date":"2020-10-31T23:30:29","date_gmt":"2020-10-31T23:30:29","guid":{"rendered":"https:\/\/shbsh.al\/wp2\/home\/"},"modified":"2020-11-01T01:56:35","modified_gmt":"2020-11-01T01:56:35","slug":"home","status":"publish","type":"page","link":"https:\/\/shbsh.al\/wp2\/","title":{"rendered":"Home"},"content":{"rendered":"<p>[pl_row pagelayer-id=&#8221;Xl02pOpiXGl8D12d&#8221;  stretch=&#8221;full&#8221; col_gap=&#8221;0&#8243; width_content=&#8221;auto&#8221; row_height=&#8221;default&#8221; overlay_hover_delay=&#8221;400&#8243; row_shape_top_color=&#8221;#fff&#8221; row_shape_top_width=&#8221;100&#8243; row_shape_top_height=&#8221;100&#8243; row_shape_bottom_color=&#8221;#fff&#8221; row_shape_bottom_width=&#8221;100&#8243; row_shape_bottom_height=&#8221;100&#8243; ele_bg_type=&#8221;image&#8221; ele_bg_color=&#8221;&#8221; ele_bg_attachment=&#8221;scroll&#8221; ele_bg_posx=&#8221;center&#8221; ele_bg_posy=&#8221;center&#8221; ele_bg_repeat=&#8221;no-repeat&#8221; ele_bg_size=&#8221;cover&#8221; ele_padding=&#8221;15em,0em,12em,0em&#8221; overlay_type=&#8221;color&#8221; overlay_transperancy=&#8221;0.3&#8243; overlay_color=&#8221;#191c1dff&#8221; ele_margin=&#8221;0px,0px,0px,0px&#8221; ele_padding_mobile=&#8221;140px,10px,40px,10px&#8221; ele_margin_tablet=&#8221;0px,0px,0px,0px&#8221; ele_padding_tablet=&#8221;170px,15px,70px,15px&#8221; ele_margin_mobile=&#8221;0px,0px,0px,0px&#8221; ele_bg_img=&#8221;32&#8243;][pl_col pagelayer-id=&#8221;RV1SSnKffwmCBwtm&#8221;  widget_space=&#8221;15&#8243; overlay_hover_delay=&#8221;400&#8243;][pl_heading pagelayer-id=&#8221;9Z6yCJFyKch1sz5Q&#8221;  heading_state=&#8221;hover&#8221; color=&#8221;#f3f4f3ff&#8221; align=&#8221;right&#8221; heading_typo=&#8221;,45,,500,,,Solid,1.2,,,&#8221; animation=&#8221;fadeInUp&#8221; animation_delay=&#8221;600&#8243; animation_speed=&#8221;&#8221; heading_typo_mobile=&#8221;,25,,,,,Solid,,,,&#8221; heading_typo_tablet=&#8221;,34,,,,,Solid,,,,&#8221; ele_bg_type=&#8221;&#8221; ele_zindex=&#8221;100&#8243; ele_align=&#8221;margin&#8221; ele_height=&#8221;auto&#8221; ele_custom_pos=&#8221;true&#8221; ele_custom_width=&#8221;1000px&#8221; ele_width=&#8221;100%&#8221; ele_padding=&#8221;1px,1px,1px,1px&#8221; ele_margin=&#8221;1px,1px,1px,1px&#8221; ele_shadow=&#8221;8,5,,#bcc4c6ff,0,&#8221;]<\/p>\n<p>Shoqata e Botuesve Shqiptar\u00eb<\/p>\n<p>[\/pl_heading]<br \/>\n[\/pl_col]<br \/>\n[\/pl_row]<br \/>\n[pl_row pagelayer-id=&#8221;ktbsyqEiqUhD5DU9&#8243;  stretch=&#8221;auto&#8221; col_gap=&#8221;10&#8243; width_content=&#8221;auto&#8221; row_height=&#8221;default&#8221; overlay_hover_delay=&#8221;400&#8243; row_shape_top_color=&#8221;#227bc3&#8243; row_shape_top_width=&#8221;100&#8243; row_shape_top_height=&#8221;100&#8243; row_shape_bottom_color=&#8221;#e44993&#8243; row_shape_bottom_width=&#8221;100&#8243; row_shape_bottom_height=&#8221;100&#8243; ele_padding=&#8221;0em,0em,0em,0em&#8221; ele_padding_mobile=&#8221;20px,0px,30px,0px&#8221; ele_margin=&#8221;0em,0em,0em,0em&#8221; ele_margin_mobile=&#8221;0em,0em,0em,0em&#8221; ele_bg_type=&#8221;color&#8221; ele_bg_color=&#8221;#ffffffff&#8221;][pl_col pagelayer-id=&#8221;yHfvfS6VNnCVNrul&#8221;  widget_space=&#8221;8&#8243; overlay_hover_delay=&#8221;400&#8243; col=&#8221;12&#8243; animation=&#8221;&#8221; animation_delay=&#8221;600&#8243; content_pos=&#8221;center&#8221;][pl_inner_row pagelayer-id=&#8221;NMmTcfLMXoiX60s9&#8243;  stretch=&#8221;auto&#8221; col_gap=&#8221;10&#8243; width_content=&#8221;auto&#8221; row_height=&#8221;default&#8221; overlay_hover_delay=&#8221;400&#8243; row_shape_top_color=&#8221;#227bc3&#8243; row_shape_top_width=&#8221;100&#8243; row_shape_top_height=&#8221;100&#8243; row_shape_bottom_color=&#8221;#e44993&#8243; row_shape_bottom_width=&#8221;100&#8243; row_shape_bottom_height=&#8221;100&#8243; ele_margin=&#8221;-5em,0em,0em,0em&#8221; ele_padding=&#8221;3em,3em,3em,3em&#8221; ele_bg_type=&#8221;color&#8221; ele_bg_color=&#8221;#ffffffff&#8221; ele_margin_tablet=&#8221;-3em,0em,0em,0em&#8221; ele_padding_tablet=&#8221;3em,0em,1em,0em&#8221; ele_padding_mobile=&#8221;2em,0em,0em,0em&#8221; ele_margin_mobile=&#8221;-3em,0em,0em,0em&#8221;][pl_inner_col pagelayer-id=&#8221;7GgKwJvONv6VaiA7&#8243;  widget_space=&#8221;8&#8243; overlay_hover_delay=&#8221;400&#8243; col=&#8221;3&#8243; animation=&#8221;&#8221; animation_delay=&#8221;600&#8243; content_pos=&#8221;center&#8221;][pl_iconbox pagelayer-id=&#8221;QYyzmeznz1jZuF6b&#8221;  service_icon=&#8221;fas fa-comments&#8221; service_alignment=&#8221;top&#8221; service_vertical_alignment=&#8221;middle&#8221; service_icon_view=&#8221;default&#8221; service_icon_padding=&#8221;15&#8243; service_icon_state=&#8221;normal&#8221; service_icon_color=&#8221;#f4be27ff&#8221; service_icon_font_size=&#8221;45&#8243; service_icon_hover_delay=&#8221;400&#8243; service_bor_state=&#8221;normal&#8221; service_heading=&#8221;Mir\u00ebsevini!&#8221; heading_alignment=&#8221;left&#8221; service_title_spacing=&#8221;20,0,10,0&#8243; heading_state=&#8221;normal&#8221; service_heading_color=&#8221;#0c0d0dff&#8221; service_heading_typo=&#8221;,20,,600,,,Solid,1.2,,,&#8221; heading_delay=&#8221;400&#8243; service_text_alignment=&#8221;left&#8221; service_btn_hover_delay=&#8221;400&#8243; ele_padding=&#8221;0em,0em,0em,0em&#8221; ele_bg_type=&#8221;&#8221; ele_bg_color=&#8221;&#8221; ele_bg_hover=&#8221;&#8221; ele_bg_type_hover=&#8221;&#8221; ele_bg_hover_delay=&#8221;400&#8243; ele_bg_color_hover=&#8221;&#8221; border_radius=&#8221;0px,0px,0px,0px&#8221; border_hover=&#8221;&#8221; border_radius_hover=&#8221;0px,0px,0px,0px&#8221; heading_color_hover=&#8221;&#8221; animation=&#8221;fadeInUp&#8221; animation_delay=&#8221;600&#8243; service_icon_alignment=&#8221;left&#8221; iconbox_button_type=&#8221;pagelayer-btn-custom&#8221; service_button_size=&#8221;pagelayer-btn-custom&#8221; service_button_text=&#8221;&#8221; service_btn_state=&#8221;normal&#8221; service_button_color=&#8221;&#8221; service_button_bg_color=&#8221;&#8221; service_btn_dim=&#8221;10,0&#8243; service_button_typo=&#8221;,17,,,,,Solid,,,,&#8221; service_icon_spacing=&#8221;0,15,0,0&#8243; border_width_hover=&#8221;1px,1px,1px,1px&#8221; border_color_hover=&#8221;&#8221; border_width=&#8221;0px,0px,0px,0px&#8221; border_color=&#8221;&#8221; ele_shadow=&#8221;,,,,,&#8221;]<\/p>\n<p>Mir\u00ebsevini n\u00eb faqen zyrtare t\u00eb Shoqat\u00ebs s\u00eb Botuesve Shqiptar\u00eb!<\/p>\n<p>[\/pl_iconbox]<br \/>\n[\/pl_inner_col]<br \/>\n[pl_inner_col pagelayer-id=&#8221;6ypJYxX6AuDKCpjS&#8221;  widget_space=&#8221;8&#8243; overlay_hover_delay=&#8221;400&#8243; col=&#8221;3&#8243; animation=&#8221;&#8221; animation_delay=&#8221;600&#8243; content_pos=&#8221;center&#8221;][pl_iconbox pagelayer-id=&#8221;7t6PxbLG1cz0LCYB&#8221;  service_icon=&#8221;fas fa-address-book&#8221; service_alignment=&#8221;top&#8221; service_vertical_alignment=&#8221;middle&#8221; service_icon_view=&#8221;default&#8221; service_icon_padding=&#8221;15&#8243; service_icon_state=&#8221;normal&#8221; service_icon_color=&#8221;#f4be27ff&#8221; service_icon_font_size=&#8221;45&#8243; service_icon_hover_delay=&#8221;400&#8243; service_bor_state=&#8221;normal&#8221; service_heading=&#8221;Rreth nesh&#8221; heading_alignment=&#8221;left&#8221; service_title_spacing=&#8221;20,0,10,0&#8243; heading_state=&#8221;normal&#8221; service_heading_color=&#8221;#0c0d0dff&#8221; service_heading_typo=&#8221;,20,,600,,,Solid,1.2,,,&#8221; heading_delay=&#8221;400&#8243; service_text_alignment=&#8221;left&#8221; service_btn_hover_delay=&#8221;400&#8243; ele_padding=&#8221;0em,0em,0em,0em&#8221; ele_bg_type=&#8221;&#8221; ele_bg_color=&#8221;&#8221; ele_bg_hover=&#8221;&#8221; ele_bg_type_hover=&#8221;&#8221; ele_bg_hover_delay=&#8221;400&#8243; ele_bg_color_hover=&#8221;&#8221; border_radius=&#8221;0px,0px,0px,0px&#8221; border_hover=&#8221;&#8221; border_radius_hover=&#8221;0px,0px,0px,0px&#8221; heading_color_hover=&#8221;&#8221; animation=&#8221;fadeInUp&#8221; animation_delay=&#8221;600&#8243; service_icon_alignment=&#8221;left&#8221; iconbox_button_type=&#8221;pagelayer-btn-custom&#8221; service_button_size=&#8221;pagelayer-btn-custom&#8221; service_button_text=&#8221;&#8221; service_btn_state=&#8221;normal&#8221; service_button_color=&#8221;&#8221; service_button_bg_color=&#8221;&#8221; service_btn_dim=&#8221;10,0&#8243; service_button_typo=&#8221;,17,,,,,Solid,,,,&#8221; service_icon_spacing=&#8221;0,15,0,0&#8243; border_width_hover=&#8221;1px,1px,1px,1px&#8221; border_color_hover=&#8221;&#8221; border_width=&#8221;0px,0px,0px,0px&#8221; border_color=&#8221;&#8221; ele_shadow=&#8221;,,,,,&#8221;]<\/p>\n<p style=\"font-size: 16px;\">Shoqata e Botuesve Shqiptar\u00eb e themeluar n\u00eb vitin 1992, me seli n\u00eb Tiran\u00eb, zhvillon aktivitetin e saj n\u00eb t\u00eb gjitha qytetet e Shqip\u00ebris\u00eb, por edhe jasht\u00eb saj.<\/p>\n<p>[\/pl_iconbox]<br \/>\n[\/pl_inner_col]<br \/>\n[pl_inner_col pagelayer-id=&#8221;EffQWJEoI8aUR2CQ&#8221;  widget_space=&#8221;15&#8243; overlay_hover_delay=&#8221;400&#8243; col=&#8221;3&#8243;][pl_iconbox pagelayer-id=&#8221;wl5f4XqWwZpqQHck&#8221;  service_icon=&#8221;fas fa-pen&#8221; service_alignment=&#8221;top&#8221; service_vertical_alignment=&#8221;middle&#8221; service_icon_view=&#8221;default&#8221; service_icon_padding=&#8221;15&#8243; service_icon_state=&#8221;normal&#8221; service_icon_color=&#8221;#f4be27ff&#8221; service_icon_font_size=&#8221;45&#8243; service_icon_hover_delay=&#8221;400&#8243; service_bor_state=&#8221;normal&#8221; service_heading=&#8221;&lt;span&gt;Na kontaktoni&lt;\/span&gt;&#8221; heading_alignment=&#8221;left&#8221; service_title_spacing=&#8221;20,0,10,0&#8243; heading_state=&#8221;normal&#8221; service_heading_color=&#8221;#0c0d0dff&#8221; service_heading_typo=&#8221;,20,,600,,,Solid,1.2,,,&#8221; heading_delay=&#8221;400&#8243; service_text_alignment=&#8221;left&#8221; service_btn_hover_delay=&#8221;400&#8243; ele_padding=&#8221;0em,0em,0em,0em&#8221; ele_bg_type=&#8221;&#8221; ele_bg_color=&#8221;&#8221; ele_bg_hover=&#8221;&#8221; ele_bg_type_hover=&#8221;&#8221; ele_bg_hover_delay=&#8221;400&#8243; ele_bg_color_hover=&#8221;&#8221; border_radius=&#8221;0px,0px,0px,0px&#8221; border_hover=&#8221;&#8221; border_radius_hover=&#8221;0px,0px,0px,0px&#8221; heading_color_hover=&#8221;&#8221; animation=&#8221;fadeInUp&#8221; animation_delay=&#8221;600&#8243; service_icon_alignment=&#8221;left&#8221; iconbox_button_type=&#8221;pagelayer-btn-custom&#8221; service_button_size=&#8221;pagelayer-btn-custom&#8221; service_button_text=&#8221;&#8221; service_btn_state=&#8221;normal&#8221; service_button_color=&#8221;&#8221; service_button_bg_color=&#8221;&#8221; service_btn_dim=&#8221;10,0&#8243; service_button_typo=&#8221;,17,,,,,Solid,,,,&#8221; service_icon_spacing=&#8221;0,15,0,0&#8243; border_width_hover=&#8221;1px,1px,1px,1px&#8221; border_color_hover=&#8221;&#8221; border_width=&#8221;0px,0px,0px,0px&#8221; border_color=&#8221;&#8221; ele_shadow=&#8221;,,,,,&#8221;]<\/p>\n<p><span>P\u00ebr \u00e7do pyetje apo paqart\u00ebsi mos nguroni t\u00eb na kontaktoni n\u00ebp\u00ebrmjet form\u00ebs s\u00eb kontaktit ose n\u00eb numrat e telefonit! Ne do ju p\u00ebrgjigjemi sa m\u00eb par\u00eb pyetjeve tuaja.<\/span><\/p>\n<p>[\/pl_iconbox]<br \/>\n[\/pl_inner_col]<br \/>\n[\/pl_inner_row]<br \/>\n[\/pl_col]<br \/>\n[\/pl_row]<\/p>\n","protected":false},"excerpt":{"rendered":"<p>[pl_row pagelayer-id=&#8221;Xl02pOpiXGl8D12d&#8221; stretch=&#8221;full&#8221; col_gap=&#8221;0&#8243; width_content=&#8221;auto&#8221; row_height=&#8221;default&#8221; overlay_hover_delay=&#8221;400&#8243; row_shape_top_color=&#8221;#fff&#8221; row_shape_top_width=&#8221;100&#8243; row_shape_top_height=&#8221;100&#8243; row_shape_bottom_color=&#8221;#fff&#8221; row_shape_bottom_width=&#8221;100&#8243; row_shape_bottom_height=&#8221;100&#8243; ele_bg_type=&#8221;image&#8221; ele_bg_color=&#8221;&#8221; ele_bg_attachment=&#8221;scroll&#8221; ele_bg_posx=&#8221;center&#8221; ele_bg_posy=&#8221;center&#8221; ele_bg_repeat=&#8221;no-repeat&#8221; ele_bg_size=&#8221;cover&#8221; ele_padding=&#8221;15em,0em,12em,0em&#8221; overlay_type=&#8221;color&#8221; overlay_transperancy=&#8221;0.3&#8243; overlay_color=&#8221;#191c1dff&#8221; ele_margin=&#8221;0px,0px,0px,0px&#8221; ele_padding_mobile=&#8221;140px,10px,40px,10px&#8221; ele_margin_tablet=&#8221;0px,0px,0px,0px&#8221; ele_padding_tablet=&#8221;170px,15px,70px,15px&#8221; ele_margin_mobile=&#8221;0px,0px,0px,0px&#8221; ele_bg_img=&#8221;32&#8243;][pl_col pagelayer-id=&#8221;RV1SSnKffwmCBwtm&#8221; widget_space=&#8221;15&#8243; overlay_hover_delay=&#8221;400&#8243;][pl_heading pagelayer-id=&#8221;9Z6yCJFyKch1sz5Q&#8221; heading_state=&#8221;hover&#8221; color=&#8221;#f3f4f3ff&#8221; align=&#8221;right&#8221; heading_typo=&#8221;,45,,500,,,Solid,1.2,,,&#8221; animation=&#8221;fadeInUp&#8221; animation_delay=&#8221;600&#8243; animation_speed=&#8221;&#8221; heading_typo_mobile=&#8221;,25,,,,,Solid,,,,&#8221; heading_typo_tablet=&#8221;,34,,,,,Solid,,,,&#8221; ele_bg_type=&#8221;&#8221; ele_zindex=&#8221;100&#8243; ele_align=&#8221;margin&#8221; ele_height=&#8221;auto&#8221; ele_custom_pos=&#8221;true&#8221; ele_custom_width=&#8221;1000px&#8221; ele_width=&#8221;100%&#8221; ele_padding=&#8221;1px,1px,1px,1px&#8221; ele_margin=&#8221;1px,1px,1px,1px&#8221; ele_shadow=&#8221;8,5,,#bcc4c6ff,0,&#8221;] Shoqata e [&hellip;]<\/p>\n","protected":false},"author":1,"featured_media":0,"parent":0,"menu_order":0,"comment_status":"closed","ping_status":"closed","template":"","meta":[],"_links":{"self":[{"href":"https:\/\/shbsh.al\/wp2\/wp-json\/wp\/v2\/pages\/339"}],"collection":[{"href":"https:\/\/shbsh.al\/wp2\/wp-json\/wp\/v2\/pages"}],"about":[{"href":"https:\/\/shbsh.al\/wp2\/wp-json\/wp\/v2\/types\/page"}],"author":[{"embeddable":true,"href":"https:\/\/shbsh.al\/wp2\/wp-json\/wp\/v2\/users\/1"}],"replies":[{"embeddable":true,"href":"https:\/\/shbsh.al\/wp2\/wp-json\/wp\/v2\/comments?post=339"}],"version-history":[{"count":13,"href":"https:\/\/shbsh.al\/wp2\/wp-json\/wp\/v2\/pages\/339\/revisions"}],"predecessor-version":[{"id":416,"href":"https:\/\/shbsh.al\/wp2\/wp-json\/wp\/v2\/pages\/339\/revisions\/416"}],"wp:attachment":[{"href":"https:\/\/shbsh.al\/wp2\/wp-json\/wp\/v2\/media?parent=339"}],"curies":[{"name":"wp","href":"https:\/\/api.w.org\/{rel}","templated":true}]}}